{"id":9938,"date":"2023-07-17T13:50:54","date_gmt":"2023-07-17T13:50:54","guid":{"rendered":"https:\/\/alfayazilim.com.tr\/esterno\/?page_id=9938"},"modified":"2023-07-18T07:45:19","modified_gmt":"2023-07-18T07:45:19","slug":"fischer","status":"publish","type":"page","link":"https:\/\/www.esterno.com.tr\/index.php\/urunler\/fischer\/","title":{"rendered":"Fischer"},"content":{"rendered":"\t\t<div data-elementor-type=\"wp-page\" data-elementor-id=\"9938\" class=\"elementor elementor-9938\" data-elementor-post-type=\"page\">\n\t\t\t\t\t\t\t        <section class=\"elementor-section elementor-top-section elementor-element elementor-element-72836fb elementor-section-boxed elementor-section-height-default elementor-section-height-default ct-header-fixed-none ct-column-none ct-row-scroll-none ct-row-gradient--none\" data-id=\"72836fb\" data-element_type=\"section\">\n            \n                        <div class=\"elementor-container elementor-column-gap-default \">\n                    <div class=\"elementor-column elementor-col-50 elementor-top-column elementor-element elementor-element-8c2aba0 ct-column-none col-offset-none col-color-offset-none\" data-id=\"8c2aba0\" data-element_type=\"column\">\n            <div class=\"elementor-widget-wrap elementor-element-populated\">\n                        \t\t<div class=\"elementor-element elementor-element-6b355c4 elementor-widget elementor-widget-text-editor\" data-id=\"6b355c4\" data-element_type=\"widget\" data-widget_type=\"text-editor.default\">\n\t\t\t\t<div class=\"elementor-widget-container\">\n\t\t\t<style>\/*! elementor - v3.14.0 - 26-06-2023 *\/\n.elementor-widget-text-editor.elementor-drop-cap-view-stacked .elementor-drop-cap{background-color:#69727d;color:#fff}.elementor-widget-text-editor.elementor-drop-cap-view-framed .elementor-drop-cap{color:#69727d;border:3px solid;background-color:transparent}.elementor-widget-text-editor:not(.elementor-drop-cap-view-default) .elementor-drop-cap{margin-top:8px}.elementor-widget-text-editor:not(.elementor-drop-cap-view-default) .elementor-drop-cap-letter{width:1em;height:1em}.elementor-widget-text-editor .elementor-drop-cap{float:left;text-align:center;line-height:1;font-size:50px}.elementor-widget-text-editor .elementor-drop-cap-letter{display:inline-block}<\/style>\t\t\t\t<ul><li>\u00c7elik sabitlemeler<\/li><li>Kimyasal ankraj har\u00e7lar\u0131<\/li><li>Standart sabitlemeler<\/li><li>\u00c7er\u00e7eve d\u00fcbelleri<\/li><li>Tesisat ta\u015f\u0131y\u0131c\u0131 sistemler<\/li><li>Vidalar<\/li><li>Panel d\u00fcbelleri<\/li><li>S\u0131hhi tesisat montaj \u00fcr\u00fcnleri<\/li><li>Elektrik tesisat\u0131 montaj \u00fcr\u00fcnleri<\/li><\/ul>\t\t\t\t\t\t<\/div>\n\t\t\t\t<\/div>\n\t\t            <\/div>\n        <\/div>\n                <div class=\"elementor-column elementor-col-50 elementor-top-column elementor-element elementor-element-09c4fc6 ct-column-none col-offset-none col-color-offset-none\" data-id=\"09c4fc6\" data-element_type=\"column\">\n            <div class=\"elementor-widget-wrap elementor-element-populated\">\n                        \t\t<div class=\"elementor-element elementor-element-4bf6bf6 elementor-widget elementor-widget-text-editor\" data-id=\"4bf6bf6\" data-element_type=\"widget\" data-widget_type=\"text-editor.default\">\n\t\t\t\t<div class=\"elementor-widget-container\">\n\t\t\t\t\t\t\t<ul><li>\u0130skele ankrajlar\u0131 ve halkal\u0131 sabitlemeler<\/li><li>Pencere \u00e7er\u00e7eve d\u00fcbelleri<\/li><li>Is\u0131 yal\u0131t\u0131m d\u00fcbelleri<\/li><li>ETICS\/yal\u0131t\u0131m \u00fczerine sabitleme<\/li><li>Yap\u0131 Kimyasallar\u0131<\/li><li>Yenileme\/g\u00fc\u00e7lendirme<\/li><li>Matkap u\u00e7lar\u0131<\/li><li>U\u00e7lar<\/li><li>FireStop<\/li><\/ul>\t\t\t\t\t\t<\/div>\n\t\t\t\t<\/div>\n\t\t            <\/div>\n        <\/div>\n                            <\/div>\n        <\/section>\n        \t\t\t\t\t<\/div>\n\t\t","protected":false},"excerpt":{"rendered":"<p>\u00c7elik sabitlemeler Kimyasal ankraj har\u00e7lar\u0131 Standart sabitlemeler \u00c7er\u00e7eve d\u00fcbelleri Tesisat ta\u015f\u0131y\u0131c\u0131 sistemler Vidalar Panel d\u00fcbelleri S\u0131hhi tesisat montaj \u00fcr\u00fcnleri Elektrik tesisat\u0131 montaj \u00fcr\u00fcnleri \u0130skele ankrajlar\u0131 ve halkal\u0131 sabitlemeler Pencere \u00e7er\u00e7eve d\u00fcbelleri Is\u0131 yal\u0131t\u0131m d\u00fcbelleri ETICS\/yal\u0131t\u0131m \u00fczerine sabitleme Yap\u0131 Kimyasallar\u0131 Yenileme\/g\u00fc\u00e7lendirme Matkap u\u00e7lar\u0131 U\u00e7lar FireStop<\/p>\n","protected":false},"author":1,"featured_media":0,"parent":9934,"menu_order":0,"comment_status":"closed","ping_status":"closed","template":"","meta":{"footnotes":""},"class_list":["post-9938","page","type-page","status-publish","hentry"],"_links":{"self":[{"href":"https:\/\/www.esterno.com.tr\/index.php\/wp-json\/wp\/v2\/pages\/9938","targetHints":{"allow":["GET"]}}],"collection":[{"href":"https:\/\/www.esterno.com.tr\/index.php\/wp-json\/wp\/v2\/pages"}],"about":[{"href":"https:\/\/www.esterno.com.tr\/index.php\/wp-json\/wp\/v2\/types\/page"}],"author":[{"embeddable":true,"href":"https:\/\/www.esterno.com.tr\/index.php\/wp-json\/wp\/v2\/users\/1"}],"replies":[{"embeddable":true,"href":"https:\/\/www.esterno.com.tr\/index.php\/wp-json\/wp\/v2\/comments?post=9938"}],"version-history":[{"count":7,"href":"https:\/\/www.esterno.com.tr\/index.php\/wp-json\/wp\/v2\/pages\/9938\/revisions"}],"predecessor-version":[{"id":10241,"href":"https:\/\/www.esterno.com.tr\/index.php\/wp-json\/wp\/v2\/pages\/9938\/revisions\/10241"}],"up":[{"embeddable":true,"href":"https:\/\/www.esterno.com.tr\/index.php\/wp-json\/wp\/v2\/pages\/9934"}],"wp:attachment":[{"href":"https:\/\/www.esterno.com.tr\/index.php\/wp-json\/wp\/v2\/media?parent=9938"}],"curies":[{"name":"wp","href":"https:\/\/api.w.org\/{rel}","templated":true}]}}